{"id":189,"date":"2019-03-07T13:50:16","date_gmt":"2019-03-07T12:50:16","guid":{"rendered":"http:\/\/www.acticap.fr\/?page_id=189"},"modified":"2024-02-27T10:53:24","modified_gmt":"2024-02-27T09:53:24","slug":"location-de-salles-de-reunion","status":"publish","type":"page","link":"https:\/\/www.centreaffairesacticap.fr\/index.php\/location-de-salles-de-reunion\/","title":{"rendered":"Location de salles de r\u00e9union"},"content":{"rendered":"\n<p>Acti&rsquo;Cap v<span style=\"color: #000000;\">ous propose de nombreuses <strong>salles de r\u00e9union \u00e9quip\u00e9es <\/strong>pour vos besoins. Que ce soit <\/span>pour <span style=\"color: #000000;\">:<\/span><\/p>\n\n\n\n<ul><li>Des<strong> c<span style=\"color: #000000;\">onf\u00e9rences<\/span><\/strong><\/li><li>Quelques <span class=\"has-inline-color has-black-color\"><strong>s\u00e9minaires<\/strong><\/span><\/li><li>Des <strong>formations<\/strong><\/li><li>Des <strong>e<span class=\"has-inline-color has-black-color\">ntretiens<\/span><\/strong><\/li><li>Et pourquoi pas des<strong> r<span class=\"has-inline-color has-black-color\">ecrutements<\/span><\/strong> ?<\/li><\/ul>\n\n\n\n<p><span style=\"color: #000000;\">Confortables, climatis\u00e9s, \u00e0 la lumi\u00e8re du jour, nos espaces sont disponibles \u00e0 la <strong>location pour une journ\u00e9e ou demi-journ\u00e9e. <\/strong><\/span><\/p>\n\n\n\n<p><span style=\"color: #000000;\">Besoin d\u2019un caf\u00e9, th\u00e9, eau ? <\/span><br><span style=\"color: #000000;\">Nous pouvons, sur demande, mettre \u00e0 votre disposition et \u00e0 celle de vos interlocuteurs des prestations suppl\u00e9mentaires. <\/span><\/p>\n\n\n\n<ul class=\"wp-block-gallery columns-4 is-cropped\"><li class=\"blocks-gallery-item\">\n<figure><span style=\"color: #000000;\"><img loading=\"lazy\" width=\"1024\" height=\"683\" class=\"wp-image-48\" src=\"http:\/\/www.acticap.fr\/wp-content\/uploads\/2019\/02\/14022018-_MG_6680-1024x683.jpg\" sizes=\"(max-width: 1024px) 100vw, 1024px\" srcset=\"https:\/\/www.centreaffairesacticap.fr\/wp-content\/uploads\/2019\/02\/14022018-_MG_6680-1024x683.jpg 1024w, https:\/\/www.centreaffairesacticap.fr\/wp-content\/uploads\/2019\/02\/14022018-_MG_6680-300x200.jpg 300w, https:\/\/www.centreaffairesacticap.fr\/wp-content\/uploads\/2019\/02\/14022018-_MG_6680-768x512.jpg 768w\" alt=\"location salle de r\u00e9union Chalon sur Saone\" data-id=\"48\" data-link=\"http:\/\/www.acticap.fr\/14022018-_mg_6680\/\"><\/span><\/figure>\n<\/li><li class=\"blocks-gallery-item\">\n<figure><span style=\"color: #000000;\"><img loading=\"lazy\" width=\"1024\" height=\"683\" class=\"wp-image-47\" src=\"http:\/\/www.acticap.fr\/wp-content\/uploads\/2019\/02\/14022018-_MG_6697-1024x683.jpg\" sizes=\"(max-width: 1024px) 100vw, 1024px\" srcset=\"https:\/\/www.centreaffairesacticap.fr\/wp-content\/uploads\/2019\/02\/14022018-_MG_6697-1024x683.jpg 1024w, https:\/\/www.centreaffairesacticap.fr\/wp-content\/uploads\/2019\/02\/14022018-_MG_6697-300x200.jpg 300w, https:\/\/www.centreaffairesacticap.fr\/wp-content\/uploads\/2019\/02\/14022018-_MG_6697-768x512.jpg 768w\" alt=\"location salle de r\u00e9union Auxerre\" data-id=\"47\" data-link=\"http:\/\/www.acticap.fr\/14022018-_mg_6697\/\"><\/span><\/figure>\n<\/li><li class=\"blocks-gallery-item\">\n<figure><span style=\"color: #000000;\"><img loading=\"lazy\" width=\"1024\" height=\"683\" class=\"wp-image-89\" src=\"http:\/\/www.acticap.fr\/wp-content\/uploads\/2019\/02\/23032018-IMG_9137-1024x683.jpg\" sizes=\"(max-width: 1024px) 100vw, 1024px\" srcset=\"https:\/\/www.centreaffairesacticap.fr\/wp-content\/uploads\/2019\/02\/23032018-IMG_9137-1024x683.jpg 1024w, https:\/\/www.centreaffairesacticap.fr\/wp-content\/uploads\/2019\/02\/23032018-IMG_9137-300x200.jpg 300w, https:\/\/www.centreaffairesacticap.fr\/wp-content\/uploads\/2019\/02\/23032018-IMG_9137-768x512.jpg 768w\" alt=\"salle r\u00e9union Auxerre Chalon\" data-id=\"89\" data-link=\"http:\/\/www.acticap.fr\/23032018-img_9137\/\"><\/span><\/figure>\n<\/li><li class=\"blocks-gallery-item\">\n<figure><span style=\"color: #000000;\"><img loading=\"lazy\" width=\"1024\" height=\"683\" class=\"wp-image-31\" src=\"http:\/\/www.acticap.fr\/wp-content\/uploads\/2019\/02\/14022018-_MG_6709-1024x683.jpg\" sizes=\"(max-width: 1024px) 100vw, 1024px\" srcset=\"https:\/\/www.centreaffairesacticap.fr\/wp-content\/uploads\/2019\/02\/14022018-_MG_6709-1024x683.jpg 1024w, https:\/\/www.centreaffairesacticap.fr\/wp-content\/uploads\/2019\/02\/14022018-_MG_6709-300x200.jpg 300w, https:\/\/www.centreaffairesacticap.fr\/wp-content\/uploads\/2019\/02\/14022018-_MG_6709-768x512.jpg 768w\" alt=\"location salle de r\u00e9union Auxerre Chalon\" data-id=\"31\" data-link=\"http:\/\/www.acticap.fr\/14022018-_mg_6709\/\"><\/span><\/figure>\n<\/li><\/ul>\n\n\n\n<h2><span style=\"color: #000000;\">Des \u00e9v\u00e9nements professionnels bien organis\u00e9s <\/span><\/h2>\n\n\n\n<p><span style=\"color: #000000;\">Que cela soit \u00e0 <a rel=\"noreferrer noopener\" href=\"https:\/\/www.centreaffairesacticap.fr\/index.php\/centre-daffaires-auxerre\/#page-content\" target=\"_blank\">Auxerre<\/a> ou <a rel=\"noreferrer noopener\" href=\"https:\/\/www.centreaffairesacticap.fr\/index.php\/centre-daffaires-de-chalon-sur-saone\/\" target=\"_blank\">Chalon-sur-Sa\u00f4ne<\/a> ou \u00e0 Pontarlier, nos diff\u00e9rentes formules de location de salle de r\u00e9union permettent aux entreprises de pouvoir choisir l\u2019ambiance de travail qui correspond \u00e0 leurs besoins : rendez-vous d\u2019affaires, formations, s\u00e9minaires, journ\u00e9es d\u2019\u00e9tude, t\u00e9l\u00e9travailleurs\u2026<\/span><\/p>\n\n\n\n<p><span style=\"color: #000000;\"><strong>Demandez un devis !<\/strong><\/span><\/p>\n","protected":false},"excerpt":{"rendered":"<p>Acti&rsquo;Cap vous propose de nombreuses salles de r\u00e9union \u00e9quip\u00e9es pour vos besoins. Que ce soit pour : Des conf\u00e9rencesQuelques s\u00e9minairesDes formationsDes entretiensEt pourquoi pas des recrutements ? Confortables, climatis\u00e9s, \u00e0 la lumi\u00e8re du jour, nos espaces sont disponibles \u00e0 la location pour une journ\u00e9e ou demi-journ\u00e9e. Besoin d\u2019un caf\u00e9, th\u00e9, eau ? Nous pouvons, sur&hellip; <br \/> <a class=\"button small blue\" href=\"https:\/\/www.centreaffairesacticap.fr\/index.php\/location-de-salles-de-reunion\/\">Lire la suite<\/a><\/p>\n","protected":false},"author":1,"featured_media":51,"parent":0,"menu_order":0,"comment_status":"closed","ping_status":"closed","template":"page-with-left-sidebar.php","meta":[],"yoast_head":"<!-- This site is optimized with the Yoast SEO plugin v15.2 - https:\/\/yoast.com\/wordpress\/plugins\/seo\/ -->\n<title>Location salle de r\u00e9union | Chalon-sur-Sa\u00f4ne, Auxerre, Pontarlier<\/title>\n<meta name=\"description\" content=\"Vous cherchez une salle de r\u00e9union pour vos \u00e9v\u00e9nements professionnels, recrutements, formation \u00e0 Auxerre, Pontarlier ou Chalon-sur-Sa\u00f4ne ?\" \/>\n<meta name=\"robots\" content=\"index, follow, max-snippet:-1, max-image-preview:large, max-video-preview:-1\" \/>\n<link rel=\"canonical\" href=\"https:\/\/www.centreaffairesacticap.fr\/index.php\/location-de-salles-de-reunion\/\" \/>\n<meta property=\"og:locale\" content=\"fr_FR\" \/>\n<meta property=\"og:type\" content=\"article\" \/>\n<meta property=\"og:title\" content=\"Location salle de r\u00e9union | Chalon-sur-Sa\u00f4ne, Auxerre, Pontarlier\" \/>\n<meta property=\"og:description\" content=\"Vous cherchez une salle de r\u00e9union pour vos \u00e9v\u00e9nements professionnels, recrutements, formation \u00e0 Auxerre, Pontarlier ou Chalon-sur-Sa\u00f4ne ?\" \/>\n<meta property=\"og:url\" content=\"https:\/\/www.centreaffairesacticap.fr\/index.php\/location-de-salles-de-reunion\/\" \/>\n<meta property=\"og:site_name\" content=\"Acti&#039;Cap | Location bureau | Salle de r\u00e9union | Chalon, Auxerre, Pontarlier\" \/>\n<meta property=\"article:modified_time\" content=\"2024-02-27T09:53:24+00:00\" \/>\n<meta property=\"og:image\" content=\"https:\/\/www.centreaffairesacticap.fr\/wp-content\/uploads\/2019\/02\/14022018-_MG_6697-1.jpg\" \/>\n\t<meta property=\"og:image:width\" content=\"6240\" \/>\n\t<meta property=\"og:image:height\" content=\"4160\" \/>\n<meta name=\"twitter:card\" content=\"summary_large_image\" \/>\n<meta name=\"twitter:label1\" value=\"\u00c9crit par\">\n\t<meta name=\"twitter:data1\" value=\"admin6872\">\n\t<meta name=\"twitter:label2\" value=\"Dur\u00e9e de lecture est.\">\n\t<meta name=\"twitter:data2\" value=\"1 minute\">\n<script type=\"application\/ld+json\" class=\"yoast-schema-graph\">{\"@context\":\"https:\/\/schema.org\",\"@graph\":[{\"@type\":\"WebSite\",\"@id\":\"https:\/\/www.centreaffairesacticap.fr\/#website\",\"url\":\"https:\/\/www.centreaffairesacticap.fr\/\",\"name\":\"Acti&#039;Cap | Location bureau | Salle de r\\u00e9union | Chalon, Auxerre, Pontarlier\",\"description\":\"Centre d&#039;affaires et espace de coworking, location bureaux, salle de r\\u00e9union\",\"potentialAction\":[{\"@type\":\"SearchAction\",\"target\":\"https:\/\/www.centreaffairesacticap.fr\/?s={search_term_string}\",\"query-input\":\"required name=search_term_string\"}],\"inLanguage\":\"fr-FR\"},{\"@type\":\"ImageObject\",\"@id\":\"https:\/\/www.centreaffairesacticap.fr\/index.php\/location-de-salles-de-reunion\/#primaryimage\",\"inLanguage\":\"fr-FR\",\"url\":\"https:\/\/www.centreaffairesacticap.fr\/wp-content\/uploads\/2019\/02\/14022018-_MG_6697-1.jpg\",\"width\":6240,\"height\":4160,\"caption\":\"bureau-auxerre\"},{\"@type\":\"WebPage\",\"@id\":\"https:\/\/www.centreaffairesacticap.fr\/index.php\/location-de-salles-de-reunion\/#webpage\",\"url\":\"https:\/\/www.centreaffairesacticap.fr\/index.php\/location-de-salles-de-reunion\/\",\"name\":\"Location salle de r\\u00e9union | Chalon-sur-Sa\\u00f4ne, Auxerre, Pontarlier\",\"isPartOf\":{\"@id\":\"https:\/\/www.centreaffairesacticap.fr\/#website\"},\"primaryImageOfPage\":{\"@id\":\"https:\/\/www.centreaffairesacticap.fr\/index.php\/location-de-salles-de-reunion\/#primaryimage\"},\"datePublished\":\"2019-03-07T12:50:16+00:00\",\"dateModified\":\"2024-02-27T09:53:24+00:00\",\"description\":\"Vous cherchez une salle de r\\u00e9union pour vos \\u00e9v\\u00e9nements professionnels, recrutements, formation \\u00e0 Auxerre, Pontarlier ou Chalon-sur-Sa\\u00f4ne ?\",\"inLanguage\":\"fr-FR\",\"potentialAction\":[{\"@type\":\"ReadAction\",\"target\":[\"https:\/\/www.centreaffairesacticap.fr\/index.php\/location-de-salles-de-reunion\/\"]}]}]}<\/script>\n<!-- \/ Yoast SEO plugin. -->","_links":{"self":[{"href":"https:\/\/www.centreaffairesacticap.fr\/index.php\/wp-json\/wp\/v2\/pages\/189"}],"collection":[{"href":"https:\/\/www.centreaffairesacticap.fr\/index.php\/wp-json\/wp\/v2\/pages"}],"about":[{"href":"https:\/\/www.centreaffairesacticap.fr\/index.php\/wp-json\/wp\/v2\/types\/page"}],"author":[{"embeddable":true,"href":"https:\/\/www.centreaffairesacticap.fr\/index.php\/wp-json\/wp\/v2\/users\/1"}],"replies":[{"embeddable":true,"href":"https:\/\/www.centreaffairesacticap.fr\/index.php\/wp-json\/wp\/v2\/comments?post=189"}],"version-history":[{"count":24,"href":"https:\/\/www.centreaffairesacticap.fr\/index.php\/wp-json\/wp\/v2\/pages\/189\/revisions"}],"predecessor-version":[{"id":735,"href":"https:\/\/www.centreaffairesacticap.fr\/index.php\/wp-json\/wp\/v2\/pages\/189\/revisions\/735"}],"wp:featuredmedia":[{"embeddable":true,"href":"https:\/\/www.centreaffairesacticap.fr\/index.php\/wp-json\/wp\/v2\/media\/51"}],"wp:attachment":[{"href":"https:\/\/www.centreaffairesacticap.fr\/index.php\/wp-json\/wp\/v2\/media?parent=189"}],"curies":[{"name":"wp","href":"https:\/\/api.w.org\/{rel}","templated":true}]}}